hat is the greatest common divisor of z and 24?
6
Let v = -3625 + 3665. Suppose -4*w - w = -120. What is the highest common divisor of v and w?
8
Let n(c) = 2*c + 96. Let m be n(18). What is the greatest common factor of m and 12?
12
Let y(k) = k**3 - 8*k**2 - 4*k + 11. Let m be y(8). Let l(j) = -2*j - 23. Let b be l(m). What is the highest common factor of 38 and b?
19
Let k be ((-2)/4)/(58/(-1508)). Calculate the greatest common factor of k and 117.
13
Let d(u) be the first derivative of 95*u**2/2 - 3*u + 4. Let o be d(1). What is the highest common factor of 23 and o?
23
Let j(b) be the third derivative of b**4/12 + 2*b**3/3 + 7*b**2. Let y be j(8). Calculate the greatest common factor of 160 and y.
20
Let q be ((-19803)/(-133) - -4) + 2/19. Suppose 3 = 3*x - 3, 0 = 5*n + 5*x - 95. Calculate the highest common factor of n and q.
17
Suppose 0 = -4*s - 4, -2*r + 7*r = -3*s + 172. Calculate the highest common factor of 875 and r.
35
Let j be (-3)/12 - 4/(32/(-1794)). What is the greatest common divisor of j and 64?
32
Let b = 33 - 27. Suppose -b*h - 61 = 53. Let j = -18 - h. What is the greatest common factor of j and 5?
1
Let b = 521 + -479. What is the highest common factor of 14 and b?
14
Let v(j) = -13*j + 309. Let x be v(19). Calculate the highest common divisor of 496 and x.
62
Suppose -50 = -3*f + 5*j - 4, 0 = -f + 3*j + 22. What is the highest common factor of 385 and f?
7
Let q(s) = s**3 - 4*s**2 - 5*s + 3. Let x(j) = -4 + 0 + 4*j - 2 - 3*j. Let m be x(12). Let l be q(m). What is the greatest common factor of 5 and l?
5
Let q = 33 + -19. Let x be (-500)/15*q/(-5)*3. Calculate the greatest common divisor of x and 35.
35
Let n = 16 + 20. Let f = 26 - 8. What is the greatest common divisor of f and n?
18
Let s(a) = a**3 - 5*a**2 - 8*a + 11. Let j be s(5). Let t = 55 + j. What is the greatest common divisor of t and 26?
26
Suppose 0 = -8*v - 119 + 311. Let m(q) = -q + 11 + 3*q - 2*q - 2*q. Let w be m(4). What is the highest common divisor of v and w?
3
Let v = -429 - -625. Calculate the highest common divisor of 35 and v.
7
Let w be -12*(2 + -1)*(-9)/6. Suppose -12 = -l - 3*t, 55 = 2*l - 4*t + 11. Calculate the highest common divisor of l and w.
18
Suppose 0 = 5*i + 2 + 13. Let z(y) = 0*y - y - 1 - 2*y. Let m be z(i). What is the highest common divisor of m and 64?
8
Let t(u) = u**3 - 6*u**2 - 10*u + 7. Let f be t(8). Suppose -4*b = b + 100. Let p = b - -31. Calculate the highest common divisor of p and f.
11
Let r(z) = -4*z + 3. Let k be r(8). Let d be -1*(0 + (k - -1)). Let w = d - 17. What is the highest common divisor of w and 55?
11
Let i = -11 + 10. Let u be 50 - 4 - i/(-1). What is the greatest common divisor of u and 30?
15
Suppose 15 = b - 76. Calculate the greatest common divisor of 13 and b.
13
Let r = 18 - 11. Let v = -8 + r. Let x be v/(-2) + 3/6. Calculate the greatest common factor of x and 5.
1
Let z = 230 + -186. What is the greatest common factor of z and 55?
11
Let t be 19/76 - (-518)/8. Calculate the highest common factor of t and 26.
13
Suppose 0 = -62*j + 64*j - 252. What is the highest common factor of 28 and j?
14
Let v be 0 + 0 + 5 + 79. Calculate the highest common divisor of 12 and v.
12
Suppose 5*j - 9*t + 12*t - 53 = 0, 4*t + 36 = 4*j. What is the greatest common factor of 6 and j?
2
Let v(p) = -p**3 + 18*p**2 + 20*p - 5. Let b be v(19). Let i = -53 + 151. What is the greatest common divisor of i and b?
14
Let z be 36/(-24)*112/(-3). Let l = z - 79. Let x = l - -47. What is the highest common divisor of 36 and x?
12
Let i(l) = 1 - 56*l**3 + 6*l + 0 - 5*l**2 + 55*l**3. Let g be i(-6). What is the highest common factor of 4 and g?
1
Let j = -81 - -93. What is the highest common factor of j and 204?
12
Suppose -3*o + 86 = -4*b, -3*b = -7*b + 4. Suppose 6*w + 1514 = 1574. What is the greatest common divisor of o and w?
10
Suppose -4*i = -6*i - 4*k + 36, 4*i = -4*k + 64. Let m = -1861 + 2001. What is the highest common divisor of m and i?
14
Let h(x) = -126*x + 47. Let t be h(-2). What is the greatest common factor of t and 23?
23
Suppose -12 = -3*k + 3. Suppose 3*c + c + x = 24, -c - k*x + 25 = 0. Calculate the highest common factor of 15 and c.
5
Let m(h) = -2*h + 96. Let w be m(0). What is the highest common factor of 60 and w?
12
Suppose 9 = 3*r - 6. Suppose 8*v - 3*v + 56 = 3*f, -r*f + 86 = -v. What is the greatest common divisor of 136 and f?
17
Suppose -2*m + 2*u = -58, 5*m - 53 = -4*u + 47. Let x = -21 + m. Suppose -p + x*p = 84. What is the greatest common divisor of p and 14?
14
Let i be 8856/104 - (-22)/(-143). Calculate the highest common divisor of 680 and i.
85
Let q(t) = -t**3 - 9*t**2 + 4*t + 42. Let x be q(-9). What is the highest common divisor of 14 and x?
2
Let c(h) = 3*h**2 - 2*h - 1. Let y = 0 + 2. Let a be c(y). Suppose -5*u + 2*v + 43 = 0, -5*u - 4*v - v + 15 = 0. What is the greatest common divisor of a and u?
7
Let s(f) = -f**2 + 4*f - 3. Let y be s(4). Let u be (-20)/y*(11/(-2) + 7). Calculate the highest common divisor of u and 5.
5
Let n = -22 - -36. Let m(s) = s**2 - 14*s + 15. Let j be m(n). What is the greatest common divisor of 135 and j?
15
Let o = 551 - 542. Let q be 446/10 + (-2)/(-5). What is the highest common divisor of o and q?
9
Let n be (5/4 - -3)/(9/648). What is the greatest common factor of n and 34?
34
Suppose 3*s + 119 = 2*i - 153, -4*i - 3*s + 526 = 0. What is the greatest common divisor of 7 and i?
7
Suppose -d = 2*n - 3*n + 33, -20 = -5*n. Let t = -18 - d. Calculate the highest common divisor of t and 22.
11
Suppose 0 = -3*j + 5*i + 232, 5*j + 8*i - 362 = 4*i. What is the greatest common divisor of 37 and j?
37
Suppose 4*f + 152 = 6*f. Suppose -7*w + f = -3*w. What is the highest common factor of w and 133?
19
Let r = 33 - 28. Suppose r*f + 3 - 23 = 0. Let i be 24/(-9)*(-3)/2. What is the greatest common factor of f and i?
4
Let l(m) = m**3 - 10*m**2 + 12*m + 18. Let b be l(7). Let q = 55 + b. What is the greatest common factor of q and 40?
10
Suppose 5*k - v + 14 = -13, -3*k - 7 = 4*v. Let c be (-44)/((5/4)/k). Calculate the highest common factor of 16 and c.
16
Suppose -779*m + 15036 = -773*m. What is the highest common factor of m and 14?
14
Let s = 52 + -8. Let q be (-358)/(-8) - (-11)/s. What is the highest common factor of 27 and q?
9
Suppose -13 = -d - 0. Let s(f) = -3*f + 2. Let i be s(4). Let o(p) = p**2 + 9*p + 3. Let j be o(i). What is the greatest common divisor of d and j?
13
Let b(i) = 12*i - 52. Let t(v) = -2*v - 1. Let w(p) = b(p) + t(p). Let a be w(6). Let u = 53 + -4. What is the greatest common divisor of u and a?
7
Suppose 5*w = -3*a + 39, -13*a + 11*a - w + 33 = 0. What is the greatest common divisor of 126 and a?
18
Let l be 1/(-6) - (-1991)/66. Let w be l/(-12)*(-12)/5. Let r be 92/6 + 4/w. Calculate the highest common divisor of r and 40.
8
Let t(p) = -2*p**2 + 18*p - 15. Let m be t(8). Let n be (-8)/(-3)*3/2. Suppose -n*f = 1 - 5. Calculate the greatest common factor of f and m.
1
Let g be (-12)/(-10)*1 + 5/(-25). Let k be (g + 5)*14/3. Calculate the highest common divisor of 12 and k.
4
Suppose -4 = -t, z + 3*t - 6*t = 336. What is the highest common factor of z and 29?
29
Let j be (-5)/(4/(6*-58)). What is the highest common divisor of 29 and j?
29
Suppose h - 85 = -4*p, 3*p - 4*h - 75 = -h. Let m(o) = -o**2 + o + 41. Let r be m(6). What is the highest common factor of r and p?
11
Let f be -12*((-7)/4 + -1 - 2). Let p = -39 + f. What is the greatest common divisor of p and 36?
18
Let j = -267 + 287. Calculate the highest common divisor of 10 and j.
10
Suppose 2*c - 4 = 5*x, -3*c - 2*c + 10 = x. What is the highest common divisor of 64 and c?
2
Let y = -117 + 171. Calculate the highest common divisor of y and 36.
18
Suppose -3*g + 901 = 18*m - 13*m, 5*m = -g + 907. Calculate the highest common factor of 234 and m.
26
Let u = 69 + 115. Suppose -4*y + 8 = 0, -4*r + 2392 = -4*y - 1212. Let m be 5/((-130)/4) - r/(-39). Calculate the highest common divisor of m and u.
23
Suppose -61*k = -69*k + 1024. What is the greatest common factor of k and 224?
32
Let c(o) = 2 + o**3 - 50*o + 14*o**2 - 6*o**2 + 46*o + 4. Let j be c(-10). Let w = j - -242. Calculate the highest common divisor of 11 and w.
11
Let o(a) = -2*a - 7. Let h be o(-5). Suppose -